7921?
9
What is the thousands digit of 1309?
1
What is the tens digit of 24?
2
What is the tens digit of 2166?
6
What is the units digit of 2297?
7
What is the thousands digit of 5142?
5
What is the tens digit of 9872?
7
What is the hundreds digit of 1075?
0
What is the tens digit of 67773?
7
What is the units digit of 942?
2
What is the tens digit of 58985?
8
What is the tens digit of 701?
0
What is the hundreds digit of 22366?
3
What is the ten thousands digit of 14669?
1
What is the hundreds digit of 3366?
3
What is the ten thousands digit of 62915?
6
What is the units digit of 1494?
4
What is the tens digit of 658?
5
What is the ten thousands digit of 51480?
5
What is the hundreds digit of 41556?
5
What is the hundreds digit of 1639?
6
What is the units digit of 25463?
3
What is the tens digit of 1679?
7
What is the tens digit of 5522?
2
What is the thousands digit of 8337?
8
What is the tens digit of 100?
0
What is the thousands digit of 32206?
2
What is the tens digit of 851?
5
What is the ten thousands digit of 68503?
6
What is the hundreds digit of 792?
7
What is the thousands digit of 3105?
3
What is the tens digit of 26734?
3
What is the thousands digit of 2236?
2
What is the thousands digit of 10504?
0
What is the tens digit of 10991?
9
What is the ten thousands digit of 43079?
4
What is the units digit of 2313?
3
What is the units digit of 84948?
8
What is the units digit of 8521?
1
What is the tens digit of 761?
6
What is the thousands digit of 15912?
5
What is the thousands digit of 4273?
4
What is the tens digit of 899?
9
What is the tens digit of 11105?
0
What is the units digit of 577?
7
What is the thousands digit of 3807?
3
What is the units digit of 35111?
1
What is the hundreds digit of 708?
7
What is the thousands digit of 1630?
1
What is the thousands digit of 19902?
9
What is the tens digit of 10110?
1
What is the hundreds digit of 10208?
2
What is the hundreds digit of 55876?
8
What is the tens digit of 7567?
6
What is the thousands digit of 157719?
7
What is the tens digit of 420?
2
What is the units digit of 923?
3
What is the thousands digit of 4308?
4
What is the tens digit of 5884?
8
What is the hundreds digit of 1677?
6
What is the units digit of 3653?
3
What is the units digit of 806?
6
What is the units digit of 830?
0
What is the thousands digit of 22112?
2
What is the hundreds digit of 42752?
7
What is the units digit of 9572?
2
What is the ten thousands digit of 10998?
1
What is the thousands digit of 13080?
3
What is the tens digit of 14016?
1
What is the units digit of 31232?
2
What is the tens digit of 20784?
8
What is the thousands digit of 7408?
7
What is the hundreds digit of 5138?
1
What is the thousands digit of 148033?
8
What is the units digit of 22152?
2
What is the units digit of 33195?
5
What is the thousands digit of 2498?
2
What is the tens digit of 4737?
3
What is the ten thousands digit of 25924?
2
What is the units digit of 748?
8
What is the units digit of 5619?
9
What is the hundreds digit of 2284?
2
What is the units digit of 787?
7
What is the ten thousands digit of 39189?
3
What is the tens digit of 1370?
7
What is the tens digit of 3221?
2
What is the thousands digit of 3509?
3
What is the tens digit of 3092?
9
What is the hundreds digit of 6581?
5
What is the thousands digit of 5243?
5
What is the thousands digit of 1017?
1
What is the thousands digit of 7107?
7
What is the thousands digit of 61644?
1
What is the units digit of 3724?
4
What is the tens digit of 21269?
6
What is the hundreds digit of 10992?
9
What is the hundreds digit of 23201?
2
What is the hundreds digit of 1420?
4
What is the tens digit of 1268?
6
What is the tens digit of 103257?
5
What is the tens digit of 48916?
1
What is the ten thousands digit of 54578?
5
What is the units digit of 3080?
0
What is the thousands digit of 18511?
8
What is the hundreds digit of 85089?
0
What is the tens digit of 13863?
6
What is the thousands digit of 59189?
9
What is the tens digit of 123335?
3
What is the units digit of 20140?
0
What is the thousands digit of 9936?
9
What is the thousands digit of 13327?
3
What is the thousands digit of 1411?
1
What is the units digit of 1666?
6
What is the thousands digit of 3577?
3
What is the ten thousands digit of 90822?
9
What is the ten thousands digit of 12438?
1
What is the hundreds digit of 644?
6
What is the hundreds digit of 97632?
6
What is the units digit of 1261?
1
What is the tens digit of 2337?
3
What is the thousands digit of 8076?
8
What is the tens digit of 62487?
8
What is the ten thousands digit of 110906?
1
What is the hundreds digit of 1786?
7
What is the thousands digit of 46282?
6
What is the tens digit of 1200?
0
What is the units digit of 2650?
0
What is the hundreds digit of 664?
6
What is the units digit of 248?
8
What is the hundreds digit of 7990?
9
What is the units digit of 11845?
5
What is the units digit of 485?
5
What is the thousands digit of 106190?
6
What is the units digit of 53728?
8
What is the units digit of 1178?
8
What is the hundreds digit of 3348?
3
What is the units digit of 1002?
2
What is the tens digit of 6601?
0
What is the ten thousands digit of 13171?
1
What is the thousands digit of 34432?
4
What is the thousands digit of 31644?
1
What is the units digit of 191?
1
What is the units digit of 1018?
8
What is the thousands digit of 67902?
7
What is the units digit of 2902?
2
What is the ten thousands digit of 16084?
1
What is the thousands digit of 94949?
4
What is the thousands digit of 22677?
2
What is the hundreds digit of 269?
2
What is the tens digit of 3010?
1
What is the tens digit of 1888?
8
What is the tens digit of 1199?
9
What is the tens digit of 541?
4
What is the hundreds digit of 29093?
0
What is the tens digit of 40094?
9
What is the thousands digit of 1329?
1
What is the units digit of 4247?
7
What is the thousands digit of 3003?
3
What is the hundreds digit of 4855?
8
What is the tens digit of 283?
8
What is the units digit of 419?
9
What is the units digit of 668?
8
What is the units digit of 771?
1
What is the hundreds digit of 2210?
2
What is the hundred thousands digit of 103928?
1
What is the thousands digit of 42747?
2
What is the ten thousands digit of 24135?
2
What is the thousands digit of 13732?
3
What is the hundreds digit of 7931?
9
What is the tens digit of 92258?
5
What is the units digit of 73?
3
What is the hundreds digit of 186?
1
What is the tens digit of 255?
5
What is the hundreds digit of 2365?
3
What is the ten thousands digit of 22532?
2
What is the units digit of 1098?
8
What is the hundreds digit of 74751?
7
What is the ten thousands digit of 76931?
7
What is the hundreds digit of 702?
7
What is the units digit of 1703?
3
What is the units digit of 66?
6
What is the units digit of 69891?
1
What is the tens digit of 2218?
1
What is the units digit of 10208?
8
What is the tens digit of 7309?
0
What is the tens digit of 27766?
6
What is the hundreds digit of 5877?
8
What is the hundreds digit of 780?
7
What is the tens digit of 1992?
9
What is the ten thousands digit of 16133?
1
What is the units digit of 127114?
4
What is the tens digit of 8370?
7
What is the units digit of 14120?
0
What is the thousands digit of 1918?
1
What is the tens digit of 15652?
5
What is the hundreds digit of 36974?
9
What is the tens digit of 1191?
9
What is the units digit of 104231?
1
What is the units digit of 7812?
2
What is the thousands digit of 12232?
2
What is the tens digit of 5341?
4
What is the tens digit of 606?
0
What is the thousands digit of 25089?
5
What is the thousands digit of 1257?
1
What is the units digit of 388?
8
What is the hundreds digit of 93990?
9
What is the tens digit of 149?
4
What is the hundreds digit of 4397?
3
What is the hundreds digit of 301?
3
What is the hundreds digit of 7312?
3
What is the tens digit of 69897?
9
What is the units digit of 2692?
2
What is the tens digit of 751?
5
What is the units digit of 112303?
3
What is the ten thousands digit of 12217?
1
What is the thousands digit of 3430?
3
What is the units digit of 1589?
9
What is the hundreds digit of 20727?
7
What is the units digit of 1449?
9
What is the units digit of 38960?
0
What is the thousands digit of 21906?
1
Wh